me factors of 4126861.
4126861
What are the prime factors of 116517?
3, 38839
List the prime factors of 492070.
2, 5, 49207
What are the prime factors of 8962892?
2, 2240723
List the prime factors of 7630347.
3, 1571, 1619
What are the prime factors of 44964?
2, 3, 1249
List the prime factors of 336251.
336251
What are the prime factors of 847375?
5, 6779
List the prime factors of 72895.
5, 61, 239
List the prime factors of 3677960.
2, 5, 11, 13, 643
What are the prime factors of 751650?
2, 3, 5, 5011
List the prime factors of 938898.
2, 3, 17387
What are the prime factors of 3027804?
2, 3, 13, 1493
What are the prime factors of 934726?
2, 13, 35951
List the prime factors of 8239498.
2, 1427, 2887
What are the prime factors of 5170273?
31, 166783
List the prime factors of 2500232.
2, 7, 44647
List the prime factors of 198682.
2, 11, 821
What are the prime factors of 396482?
2, 198241
List the prime factors of 7859456.
2, 11, 2791
What are the prime factors of 2555627?
17, 37, 239
List the prime factors of 6574908.
2, 3, 547909
List the prime factors of 8095118.
2, 29, 139571
What are the prime factors of 1629503?
97, 107, 157
List the prime factors of 1972701.
3, 73063
What are the prime factors of 5940946?
2, 11, 23, 59, 199
List the prime factors of 43135.
5, 8627
What are the prime factors of 299938?
2, 149969
List the prime factors of 520332.
2, 3, 131, 331
List the prime factors of 5787343.
19, 304597
What are the prime factors of 127951?
127951
What are the prime factors of 747359?
29, 25771
List the prime factors of 1153635.
3, 5, 7, 10987
What are the prime factors of 76124?
2, 19031
List the prime factors of 212232.
2, 3, 37, 239
List the prime factors of 2784536.
2, 131, 2657
What are the prime factors of 8978689?
8978689
What are the prime factors of 578158?
2, 7, 61, 677
What are the prime factors of 665775?
3, 5, 11, 269
List the prime factors of 298394.
2, 149197
What are the prime factors of 1254032?
2, 13, 6029
List the prime factors of 16704.
2, 3, 29
List the prime factors of 555196.
2, 138799
List the prime factors of 296391.
3, 31, 3187
List the prime factors of 5483073.
3, 1279, 1429
What are the prime factors of 5749552?
2, 19, 18913
What are the prime factors of 3611242?
2, 17, 106213
List the prime factors of 33455717.
2791, 11987
List the prime factors of 1116702.
2, 3, 62039
List the prime factors of 7875098.
2, 7, 11, 51137
List the prime factors of 28051.
28051
What are the prime factors of 175247?
29, 6043
List the prime factors of 1063060.
2, 5, 23, 2311
List the prime factors of 668521.
7, 43, 2221
What are the prime factors of 387343?
11, 23, 1531
List the prime factors of 11457022.
2, 439, 13049
What are the prime factors of 1147417?
1147417
What are the prime factors of 2646189?
3, 7, 13, 359
What are the prime factors of 172755?
3, 5, 11, 349
List the prime factors of 476555.
5, 95311
List the prime factors of 485838.
2, 3, 2999
What are the prime factors of 21189?
3, 7, 1009
List the prime factors of 964058.
2, 482029
List the prime factors of 334947.
3, 311, 359
List the prime factors of 13416561.
3, 1490729
What are the prime factors of 8873493?
3, 2957831
List the prime factors of 286904.
2, 35863
What are the prime factors of 47249?
37, 1277
What are the prime factors of 1831078?
2, 915539
What are the prime factors of 1634812?
2, 408703
What are the prime factors of 8795710?
2, 5, 7, 11, 11423
List the prime factors of 3033288.
2, 3, 31, 151
What are the prime factors of 769197?
3, 11, 13, 163
List the prime factors of 285028.
2, 71257
What are the prime factors of 2457022?
2, 37, 33203
What are the prime factors of 6806898?
2, 3, 7, 89, 607
What are the prime factors of 3676911?
3, 7, 25013
List the prime factors of 25948189.
1171, 22159
What are the prime factors of 3582901?
7, 511843
List the prime factors of 8646236.
2, 523, 4133
List the prime factors of 22247016.
2, 3, 11, 17, 4957
What are the prime factors of 277274?
2, 138637
What are the prime factors of 1273733?
1273733
List the prime factors of 233417.
233417
List the prime factors of 11075131.
11075131
What are the prime factors of 20359922?
2, 11, 23, 40237
List the prime factors of 6101739.
3, 7, 23, 4211
What are the prime factors of 79338?
2, 3, 7, 1889
What are the prime factors of 7137571?
7, 79, 12907
List the prime factors of 354232.
2, 44279
List the prime factors of 11102243.
419, 26497
What are the prime factors of 2363201?
19, 61, 2039
What are the prime factors of 90475?
5, 7, 11, 47
List the prime factors of 274213.
274213
What are the prime factors of 563338?
2, 281669
What are the prime factors of 12599029?
1447, 8707
What are the prime factors of 511665?
3, 5, 7, 11, 443
List the prime factors of 677818.
2, 338909
What are the prime factors of 3227210?
2, 5, 7, 46103
What are the prime factors of 491935?
5, 98387
List the prime factors of 64596.
2, 3, 7, 769
List the prime factors of 29580690.
2, 3, 5, 986023
List the prime factors of 747071.
13, 57467
List the prime factors of 238875.
3, 5, 7, 13
List the prime factors of 3829172.
2, 71, 97, 139
What are the prime factors of 130094?
2, 29, 2243
What are the prime factors of 6219224?
2, 11, 29, 2437
What are the prime factors of 2311679?
59, 39181
List the prime factors of 240272.
2, 15017
What are the prime factors of 633428?
2, 158357
What are the prime factors of 314929?
31, 10159
List the prime factors of 1634988.
2, 3, 19, 71, 101
What are the prime factors of 369411?
3, 7, 359
List the prime factors of 472141.
17, 27773
List the prime factors of 310708.
2, 173, 449
List the prime factors of 729431.
41, 17791
List the prime factors of 3456405.
3, 5, 25603
List the prime factors of 1438887.
3, 479629
List the prime factors of 771742.
2, 19, 23, 883
List the prime factors of 319446.
2, 3, 17747
What are the prime factors of 12064991?
12064991
List the prime factors of 179860.
2, 5, 17, 23
List the prime factors of 1340676.
2, 3, 167, 223
List the prime factors of 1216589.
11, 19, 5821
List the prime factors of 696423.
3, 7, 13, 2551
List the prime factors of 11563685.
5, 7, 19, 17389
List the prime factors of 333239.
29, 11491
What are the prime factors of 125856?
2, 3, 19, 23
What are the prime factors of 570719?
570719
List the prime factors of 265069.
7, 19, 1993
What are the prime factors of 7677518?
2, 29, 132371
List the prime factors of 9054051.
3, 19, 158843
What are the prime factors of 440896?
2, 83
What are the prime factors of 342127?
359, 953
What are the prime factors of 2745250?
2, 5, 79, 139
What are the prime factors of 1710523?
17, 239, 421
List the prime factors of 392511.
3, 7, 18691
What are the prime factors of 8757067?
11, 41, 19417
List the prime factors of 2008170.
2, 3, 5, 53, 421
List the prime factors of 102500.
2, 5, 41
List the prime factors of 3020432.
2, 311, 607
List the prime factors of 5060440.
2, 5, 7, 11, 31, 53
List the prime factors of 2414030.
2, 5, 163, 1481
What are the prime factors of 35077818?
2, 3, 5846303
List the prime factors of 43285.
5, 11, 787
What are the prime factors of 117578?
2, 58789
What are the prime factors of 4047958?
2, 139, 14561
What are the prime factors of 66584?
2, 7, 29, 41
What are the prime factors of 3608820?
2, 3, 5, 41, 163
List the prime factors of 991547.
991547
List the prime factors of 343036.
2, 191, 449
What are the prime factors of 1245574?
2, 11, 5147
List the prime factors of 3412978.
2, 1706489
What are the prime factors of 1055855?
5, 47, 4493
List the prime factors of 802398.
2, 3, 133733
List the prime factors of 158725.
5, 7, 907
List the prime factors of 99064.
2, 7, 29, 61
List the prime factors of 1135073.
17, 23, 2903
List the prime factors of 1738269.
3, 13, 83, 179
List the prime factors of 2176975.
5, 31, 53
List the prime factors of 3906862.
2, 59, 113, 293
List the prime factors of 1235050.
2, 5, 17, 1453
List the prime factors of 278346.
2, 3, 23, 2017
List the prime factors of 9358121.
9358121
List the prime factors of 426184.
2, 11, 29, 167
List the prime factors of 21810040.
2, 5, 7, 77893
List the prime factors of 31775147.
467, 68041
What are the prime factors of 80245?
5, 11, 1459
What are the prime factors of 233141?
233141
List the prime factors of 1218497.
7, 1